{"id":5410,"date":"2019-05-14T13:34:11","date_gmt":"2019-05-14T11:34:11","guid":{"rendered":"https:\/\/www.promotienda.es\/vente-decrans-publicitaires\/"},"modified":"2019-05-20T09:45:50","modified_gmt":"2019-05-20T07:45:50","slug":"vente-decrans-publicitaires","status":"publish","type":"page","link":"https:\/\/www.promotienda.es\/fr\/vente-d-ecrans-publicitaires\/","title":{"rendered":"Vente d&rsquo;\u00e9crans publicitaires"},"content":{"rendered":"<section class=\"wpb-content-wrapper\"><p>[vc_row][vc_column][vc_column_text]<strong>PromoTienda<\/strong>, en plus du <a title=\"Location d'\u00e9crans LCD publicitaires\" href=\"https:\/\/www.promotienda.es\/fr\/location-d-ecrans-publicitaires\/\">location d&rsquo;\u00e9crans LCD publicitaires<\/a>, vous offre la possibilit\u00e9 d&rsquo;acheter le mat\u00e9riel (vente d&rsquo;\u00e9crans publicitaires) \u00e0 prix tr\u00e8s comp\u00e9titifs.<\/p>\n<p>La vente d&rsquo;\u00e9crans publicitaires permet, si vous le souhaitez, de contracter notre service de maintenance technique <strong>et logistique int\u00e9grale sur le point de vente<\/strong>.<\/p>\n<ul>\n<li>Garantie illimit\u00e9e de l&rsquo;\u00e9quipement et remplacement complet de l&rsquo;\u00e9quipement au besoin.<\/li>\n<li>Coordination avec le responsable du point d&rsquo;installation, pour sa mise en service et son retrait dans la p\u00e9riode de promotion convenue.<\/li>\n<li>Surveillance du bon fonctionnement de l&rsquo;\u00e9quipement.<\/li>\n<li>Remplacement imm\u00e9diat de l&rsquo;\u00e9quipement en cas de panne.<\/li>\n<li>Stockage et revue technique en p\u00e9riode de non-utilisation.<\/li>\n<li>Nettoyage, r\u00e9glage ou remplacement d&rsquo;\u00e9l\u00e9ments sensibles aux pannes<\/li>\n<li>R\u00e9paration de l&rsquo;\u00e9quipement d\u00e9fectueux (y compris les pi\u00e8ces de rechange)<\/li>\n<li>Envoi p\u00e9riodique de listes Excel avec localisation physique, promotion active et \u00e9tat de l&rsquo;\u00e9quipement.<\/li>\n<\/ul>\n<p>Demandez un devis pour l&rsquo;achat de <strong>\u00e9crans publicitaires<\/strong>.<\/p>\n<p><strong>T\u00e9l\u00e9charger <\/strong> notre catalogue au format PDF <a href=\"http:\/\/www.promotienda.es\/pdf\/catalogo-promotienda.pdf\" target=\"_blank\" rel=\"noopener noreferrer\"> en cliquant ici<\/a>.[\/vc_column_text][\/vc_column][\/vc_row]<\/p>\n<\/section>","protected":false},"excerpt":{"rendered":"<p>[vc_row][vc_column][vc_column_text]PromoTienda, en plus du location d&rsquo;\u00e9crans LCD publicitaires, vous offre la possibilit\u00e9 d&rsquo;acheter le mat\u00e9riel (vente d&rsquo;\u00e9crans publicitaires) \u00e0 prix tr\u00e8s comp\u00e9titifs. La vente d&rsquo;\u00e9crans publicitaires permet, si vous le souhaitez, de contracter notre service de maintenance technique et logistique int\u00e9grale sur le point de vente. Garantie illimit\u00e9e de l&rsquo;\u00e9quipement et remplacement complet de l&rsquo;\u00e9quipement&hellip;<\/p>\n","protected":false},"author":1,"featured_media":0,"parent":5426,"menu_order":1,"comment_status":"closed","ping_status":"closed","template":"","meta":{"ngg_post_thumbnail":0},"yoast_head":"<!-- This site is optimized with the Yoast SEO plugin v20.3 - https:\/\/yoast.com\/wordpress\/plugins\/seo\/ -->\n<title>Acheter des \u00e9crans publicitaires, vente d&#039;\u00e9crans publicitaires - Promotienda<\/title>\n<meta name=\"description\" content=\"L&#039;achat d&#039;\u00e9crans publicitaires vous aidera \u00e0 augmenter les ventes de votre entreprise. Pr\u00e9sentez vos produits de mani\u00e8re visuelle et tr\u00e8s attractive. En savoir plus!\" \/>\n<meta name=\"robots\" content=\"index, follow, max-snippet:-1, max-image-preview:large, max-video-preview:-1\" \/>\n<link rel=\"canonical\" href=\"https:\/\/www.promotienda.es\/fr\/vente-d-ecrans-publicitaires\/\" \/>\n<meta property=\"og:locale\" content=\"fr_FR\" \/>\n<meta property=\"og:type\" content=\"article\" \/>\n<meta property=\"og:title\" content=\"Acheter des \u00e9crans publicitaires, vente d&#039;\u00e9crans publicitaires - Promotienda\" \/>\n<meta property=\"og:description\" content=\"L&#039;achat d&#039;\u00e9crans publicitaires vous aidera \u00e0 augmenter les ventes de votre entreprise. Pr\u00e9sentez vos produits de mani\u00e8re visuelle et tr\u00e8s attractive. En savoir plus!\" \/>\n<meta property=\"og:url\" content=\"https:\/\/www.promotienda.es\/fr\/vente-d-ecrans-publicitaires\/\" \/>\n<meta property=\"og:site_name\" content=\"Promotienda\" \/>\n<meta property=\"article:modified_time\" content=\"2019-05-20T07:45:50+00:00\" \/>\n<meta name=\"twitter:card\" content=\"summary_large_image\" \/>\n<meta name=\"twitter:label1\" content=\"Dur\u00e9e de lecture estim\u00e9e\" \/>\n\t<meta name=\"twitter:data1\" content=\"1 minute\" \/>\n<script type=\"application\/ld+json\" class=\"yoast-schema-graph\">{\"@context\":\"https:\/\/schema.org\",\"@graph\":[{\"@type\":\"WebPage\",\"@id\":\"https:\/\/www.promotienda.es\/fr\/vente-d-ecrans-publicitaires\/\",\"url\":\"https:\/\/www.promotienda.es\/fr\/vente-d-ecrans-publicitaires\/\",\"name\":\"Acheter des \u00e9crans publicitaires, vente d'\u00e9crans publicitaires - Promotienda\",\"isPartOf\":{\"@id\":\"https:\/\/www.promotienda.es\/en\/#website\"},\"datePublished\":\"2019-05-14T11:34:11+00:00\",\"dateModified\":\"2019-05-20T07:45:50+00:00\",\"description\":\"L'achat d'\u00e9crans publicitaires vous aidera \u00e0 augmenter les ventes de votre entreprise. Pr\u00e9sentez vos produits de mani\u00e8re visuelle et tr\u00e8s attractive. En savoir plus!\",\"breadcrumb\":{\"@id\":\"https:\/\/www.promotienda.es\/fr\/vente-d-ecrans-publicitaires\/#breadcrumb\"},\"inLanguage\":\"fr-FR\",\"potentialAction\":[{\"@type\":\"ReadAction\",\"target\":[\"https:\/\/www.promotienda.es\/fr\/vente-d-ecrans-publicitaires\/\"]}]},{\"@type\":\"BreadcrumbList\",\"@id\":\"https:\/\/www.promotienda.es\/fr\/vente-d-ecrans-publicitaires\/#breadcrumb\",\"itemListElement\":[{\"@type\":\"ListItem\",\"position\":1,\"name\":\"Portada\",\"item\":\"https:\/\/www.promotienda.es\/fr\/\"},{\"@type\":\"ListItem\",\"position\":2,\"name\":\"Services et produits\",\"item\":\"https:\/\/www.promotienda.es\/fr\/services-et-produits\/\"},{\"@type\":\"ListItem\",\"position\":3,\"name\":\"Vente d&rsquo;\u00e9crans publicitaires\"}]},{\"@type\":\"WebSite\",\"@id\":\"https:\/\/www.promotienda.es\/en\/#website\",\"url\":\"https:\/\/www.promotienda.es\/en\/\",\"name\":\"Promotienda\",\"description\":\"\",\"potentialAction\":[{\"@type\":\"SearchAction\",\"target\":{\"@type\":\"EntryPoint\",\"urlTemplate\":\"https:\/\/www.promotienda.es\/en\/?s={search_term_string}\"},\"query-input\":\"required name=search_term_string\"}],\"inLanguage\":\"fr-FR\"}]}<\/script>\n<!-- \/ Yoast SEO plugin. -->","yoast_head_json":{"title":"Acheter des \u00e9crans publicitaires, vente d'\u00e9crans publicitaires - Promotienda","description":"L'achat d'\u00e9crans publicitaires vous aidera \u00e0 augmenter les ventes de votre entreprise. Pr\u00e9sentez vos produits de mani\u00e8re visuelle et tr\u00e8s attractive. En savoir plus!","robots":{"index":"index","follow":"follow","max-snippet":"max-snippet:-1","max-image-preview":"max-image-preview:large","max-video-preview":"max-video-preview:-1"},"canonical":"https:\/\/www.promotienda.es\/fr\/vente-d-ecrans-publicitaires\/","og_locale":"fr_FR","og_type":"article","og_title":"Acheter des \u00e9crans publicitaires, vente d'\u00e9crans publicitaires - Promotienda","og_description":"L'achat d'\u00e9crans publicitaires vous aidera \u00e0 augmenter les ventes de votre entreprise. Pr\u00e9sentez vos produits de mani\u00e8re visuelle et tr\u00e8s attractive. En savoir plus!","og_url":"https:\/\/www.promotienda.es\/fr\/vente-d-ecrans-publicitaires\/","og_site_name":"Promotienda","article_modified_time":"2019-05-20T07:45:50+00:00","twitter_card":"summary_large_image","twitter_misc":{"Dur\u00e9e de lecture estim\u00e9e":"1 minute"},"schema":{"@context":"https:\/\/schema.org","@graph":[{"@type":"WebPage","@id":"https:\/\/www.promotienda.es\/fr\/vente-d-ecrans-publicitaires\/","url":"https:\/\/www.promotienda.es\/fr\/vente-d-ecrans-publicitaires\/","name":"Acheter des \u00e9crans publicitaires, vente d'\u00e9crans publicitaires - Promotienda","isPartOf":{"@id":"https:\/\/www.promotienda.es\/en\/#website"},"datePublished":"2019-05-14T11:34:11+00:00","dateModified":"2019-05-20T07:45:50+00:00","description":"L'achat d'\u00e9crans publicitaires vous aidera \u00e0 augmenter les ventes de votre entreprise. Pr\u00e9sentez vos produits de mani\u00e8re visuelle et tr\u00e8s attractive. En savoir plus!","breadcrumb":{"@id":"https:\/\/www.promotienda.es\/fr\/vente-d-ecrans-publicitaires\/#breadcrumb"},"inLanguage":"fr-FR","potentialAction":[{"@type":"ReadAction","target":["https:\/\/www.promotienda.es\/fr\/vente-d-ecrans-publicitaires\/"]}]},{"@type":"BreadcrumbList","@id":"https:\/\/www.promotienda.es\/fr\/vente-d-ecrans-publicitaires\/#breadcrumb","itemListElement":[{"@type":"ListItem","position":1,"name":"Portada","item":"https:\/\/www.promotienda.es\/fr\/"},{"@type":"ListItem","position":2,"name":"Services et produits","item":"https:\/\/www.promotienda.es\/fr\/services-et-produits\/"},{"@type":"ListItem","position":3,"name":"Vente d&rsquo;\u00e9crans publicitaires"}]},{"@type":"WebSite","@id":"https:\/\/www.promotienda.es\/en\/#website","url":"https:\/\/www.promotienda.es\/en\/","name":"Promotienda","description":"","potentialAction":[{"@type":"SearchAction","target":{"@type":"EntryPoint","urlTemplate":"https:\/\/www.promotienda.es\/en\/?s={search_term_string}"},"query-input":"required name=search_term_string"}],"inLanguage":"fr-FR"}]}},"_links":{"self":[{"href":"https:\/\/www.promotienda.es\/fr\/wp-json\/wp\/v2\/pages\/5410"}],"collection":[{"href":"https:\/\/www.promotienda.es\/fr\/wp-json\/wp\/v2\/pages"}],"about":[{"href":"https:\/\/www.promotienda.es\/fr\/wp-json\/wp\/v2\/types\/page"}],"author":[{"embeddable":true,"href":"https:\/\/www.promotienda.es\/fr\/wp-json\/wp\/v2\/users\/1"}],"replies":[{"embeddable":true,"href":"https:\/\/www.promotienda.es\/fr\/wp-json\/wp\/v2\/comments?post=5410"}],"version-history":[{"count":2,"href":"https:\/\/www.promotienda.es\/fr\/wp-json\/wp\/v2\/pages\/5410\/revisions"}],"predecessor-version":[{"id":5871,"href":"https:\/\/www.promotienda.es\/fr\/wp-json\/wp\/v2\/pages\/5410\/revisions\/5871"}],"up":[{"embeddable":true,"href":"https:\/\/www.promotienda.es\/fr\/wp-json\/wp\/v2\/pages\/5426"}],"wp:attachment":[{"href":"https:\/\/www.promotienda.es\/fr\/wp-json\/wp\/v2\/media?parent=5410"}],"curies":[{"name":"wp","href":"https:\/\/api.w.org\/{rel}","templated":true}]}}

Vente d&rsquo;écrans publicitaires

<section class="wpb-content-wrapper"><p>[vc_row][vc_column][vc_column_text]<strong>PromoTienda</strong>, en plus du <a title="Location d'écrans LCD publicitaires" href="https://www.promotienda.es/fr/location-d-ecrans-publicitaires/">location d&rsquo;écrans LCD publicitaires</a>, vous offre la possibilité d&rsquo;acheter le matériel (vente d&rsquo;écrans publicitaires) à prix très compétitifs.</p>
<p>La vente d&rsquo;écrans publicitaires permet, si vous le souhaitez, de contracter notre service de maintenance technique <strong>et logistique intégrale sur le point de vente</strong>.</p>
<ul>
<li>Garantie illimitée de l&rsquo;équipement et remplacement complet de l&rsquo;équipement au besoin.</li>
<li>Coordination avec le responsable du point d&rsquo;installation, pour sa mise en service et son retrait dans la période de promotion convenue.</li>
<li>Surveillance du bon fonctionnement de l&rsquo;équipement.</li>
<li>Remplacement immédiat de l&rsquo;équipement en cas de panne.</li>
<li>Stockage et revue technique en période de non-utilisation.</li>
<li>Nettoyage, réglage ou remplacement d&rsquo;éléments sensibles aux pannes</li>
<li>Réparation de l&rsquo;équipement défectueux (y compris les pièces de rechange)</li>
<li>Envoi périodique de listes Excel avec localisation physique, promotion active et état de l&rsquo;équipement.</li>
</ul>
<p>Demandez un devis pour l&rsquo;achat de <strong>écrans publicitaires</strong>.</p>
<p><strong>Télécharger </strong> notre catalogue au format PDF <a href="http://www.promotienda.es/pdf/catalogo-promotienda.pdf" target="_blank" rel="noopener noreferrer"> en cliquant ici</a>.[/vc_column_text][/vc_column][/vc_row]</p>
</section>

<p>[vc_row][vc_column][vc_column_text]PromoTienda, en plus du location d&rsquo;écrans LCD publicitaires, vous offre la possibilité d&rsquo;acheter le matériel (vente d&rsquo;écrans publicitaires) à prix très compétitifs. La vente d&rsquo;écrans publicitaires permet, si vous le souhaitez, de contracter notre service de maintenance technique et logistique intégrale sur le point de vente. Garantie illimitée de l&rsquo;équipement et remplacement complet de l&rsquo;équipement&hellip;</p>

<!-- This site is optimized with the Yoast SEO plugin v20.3 - https://yoast.com/wordpress/plugins/seo/ -->
<title>Acheter des écrans publicitaires, vente d&#039;écrans publicitaires - Promotienda</title>
<meta name="description" content="L&#039;achat d&#039;écrans publicitaires vous aidera à augmenter les ventes de votre entreprise. Présentez vos produits de manière visuelle et très attractive. En savoir plus!" />
<meta name="robots" content="index, follow, max-snippet:-1, max-image-preview:large, max-video-preview:-1" />
<link rel="canonical" href="https://www.promotienda.es/fr/vente-d-ecrans-publicitaires/" />
<meta property="og:locale" content="fr_FR" />
<meta property="og:type" content="article" />
<meta property="og:title" content="Acheter des écrans publicitaires, vente d&#039;écrans publicitaires - Promotienda" />
<meta property="og:description" content="L&#039;achat d&#039;écrans publicitaires vous aidera à augmenter les ventes de votre entreprise. Présentez vos produits de manière visuelle et très attractive. En savoir plus!" />
<meta property="og:url" content="https://www.promotienda.es/fr/vente-d-ecrans-publicitaires/" />
<meta property="og:site_name" content="Promotienda" />
<meta property="article:modified_time" content="2019-05-20T07:45:50+00:00" />
<meta name="twitter:card" content="summary_large_image" />
<meta name="twitter:label1" content="Durée de lecture estimée" />
	<meta name="twitter:data1" content="1 minute" />
<script type="application/ld+json" class="yoast-schema-graph">{"@context":"https://schema.org","@graph":[{"@type":"WebPage","@id":"https://www.promotienda.es/fr/vente-d-ecrans-publicitaires/","url":"https://www.promotienda.es/fr/vente-d-ecrans-publicitaires/","name":"Acheter des écrans publicitaires, vente d'écrans publicitaires - Promotienda","isPartOf":{"@id":"https://www.promotienda.es/en/#website"},"datePublished":"2019-05-14T11:34:11+00:00","dateModified":"2019-05-20T07:45:50+00:00","description":"L'achat d'écrans publicitaires vous aidera à augmenter les ventes de votre entreprise. Présentez vos produits de manière visuelle et très attractive. En savoir plus!","breadcrumb":{"@id":"https://www.promotienda.es/fr/vente-d-ecrans-publicitaires/#breadcrumb"},"inLanguage":"fr-FR","potentialAction":[{"@type":"ReadAction","target":["https://www.promotienda.es/fr/vente-d-ecrans-publicitaires/"]}]},{"@type":"BreadcrumbList","@id":"https://www.promotienda.es/fr/vente-d-ecrans-publicitaires/#breadcrumb","itemListElement":[{"@type":"ListItem","position":1,"name":"Portada","item":"https://www.promotienda.es/fr/"},{"@type":"ListItem","position":2,"name":"Services et produits","item":"https://www.promotienda.es/fr/services-et-produits/"},{"@type":"ListItem","position":3,"name":"Vente d&rsquo;écrans publicitaires"}]},{"@type":"WebSite","@id":"https://www.promotienda.es/en/#website","url":"https://www.promotienda.es/en/","name":"Promotienda","description":"","potentialAction":[{"@type":"SearchAction","target":{"@type":"EntryPoint","urlTemplate":"https://www.promotienda.es/en/?s={search_term_string}"},"query-input":"required name=search_term_string"}],"inLanguage":"fr-FR"}]}</script>
<!-- / Yoast SEO plugin. -->

Acheter des écrans publicitaires, vente d'écrans publicitaires - Promotienda

L'achat d'écrans publicitaires vous aidera à augmenter les ventes de votre entreprise. Présentez vos produits de manière visuelle et très attractive. En savoir plus!
